{"id":42852,"date":"2024-03-26T08:17:14","date_gmt":"2024-03-26T08:17:14","guid":{"rendered":""},"modified":"2025-10-17T10:00:22","modified_gmt":"2025-10-17T10:00:22","slug":"motosierra-kress-commercial-60-v-40-cm-kc310-9","status":"publish","type":"product","link":"https:\/\/www.kress.com\/es-es\/motosierra-kress-commercial-60-v-40-cm-kc310-9\/","title":{"rendered":"Motosierra comercial de 60 V"},"content":{"rendered":"<p>Dise\u00f1ada para empresas de jardiner\u00eda y municipios que buscan integrar pr\u00e1cticas sostenibles en sus operaciones, la motosierra Kress Commercial combina una impresionante velocidad de cadena de 24 m\/s con una robusta potencia de salida de 3,0 kW y un par sostenido, ofreciendo una eficiencia de corte que los paisajistas profesionales a\u00fan no han experimentado. Como parte del CyberSystem Comercial de Kress, la KC310 ofrece un rendimiento de gama alta con la ventaja de unos costes operativos m\u00e1s bajos en comparaci\u00f3n con los sistemas de gasolina y otros sistemas de bater\u00eda.<\/p>\n","protected":false},"excerpt":{"rendered":"<p>Dise\u00f1ada para empresas de jardiner\u00eda y municipios que buscan integrar pr\u00e1cticas sostenibles en sus operaciones, la motosierra Kress Commercial combina una impresionante velocidad de cadena de 24 m\/s con una robusta potencia de salida de 3,0 kW y un par sostenido, ofreciendo una eficiencia de corte que los paisajistas profesionales a\u00fan no han experimentado. Como [&hellip;]<\/p>\n","protected":false},"featured_media":0,"template":"","meta":{"_acf_changed":false},"product_brand":[],"product_cat":[],"product_tag":[],"class_list":{"0":"post-42852","1":"product","2":"type-product","3":"status-publish","6":"first","7":"instock","8":"shipping-taxable","9":"purchasable","10":"product-type-simple"},"acf":[],"yoast_head":"<!-- This site is optimized with the Yoast SEO Premium plugin v26.5 (Yoast SEO v27.0) - https:\/\/yoast.com\/product\/yoast-seo-premium-wordpress\/ -->\n<title>Motosierra comercial de 60 V | Kress<\/title>\n<meta name=\"robots\" content=\"index, follow, max-snippet:-1, max-image-preview:large, max-video-preview:-1\" \/>\n<meta property=\"og:locale\" content=\"es_ES\" \/>\n<meta property=\"og:type\" content=\"article\" \/>\n<meta property=\"og:title\" content=\"Motosierra comercial de 60 V\" \/>\n<meta property=\"og:description\" content=\"Dise\u00f1ada para empresas de jardiner\u00eda y municipios que buscan integrar pr\u00e1cticas sostenibles en sus operaciones, la motosierra Kress Commercial combina una impresionante velocidad de cadena de 24 m\/s con una robusta potencia de salida de 3,0 kW y un par sostenido, ofreciendo una eficiencia de corte que los paisajistas profesionales a\u00fan no han experimentado. Como [&hellip;]\" \/>\n<meta property=\"og:url\" content=\"https:\/\/www.kress.com\/es-es\/motosierra-kress-commercial-60-v-40-cm-kc310-9\/\" \/>\n<meta property=\"og:site_name\" content=\"Kress\" \/>\n<meta property=\"article:modified_time\" content=\"2025-10-17T10:00:22+00:00\" \/>\n<meta property=\"og:image\" content=\"https:\/\/www.kress.com\/wp-content\/uploads\/2024\/02\/logo_long.png\" \/>\n\t<meta property=\"og:image:width\" content=\"1200\" \/>\n\t<meta property=\"og:image:height\" content=\"675\" \/>\n\t<meta property=\"og:image:type\" content=\"image\/png\" \/>\n<meta name=\"twitter:card\" content=\"summary_large_image\" \/>\n<script type=\"application\/ld+json\" class=\"yoast-schema-graph\">{\"@context\":\"https:\/\/schema.org\",\"@graph\":[{\"@type\":\"WebPage\",\"@id\":\"https:\/\/www.kress.com\/es-es\/motosierra-kress-commercial-60-v-40-cm-kc310-9\/\",\"url\":\"https:\/\/www.kress.com\/es-es\/motosierra-kress-commercial-60-v-40-cm-kc310-9\/\",\"name\":\"Motosierra comercial de 60 V | Kress\",\"isPartOf\":{\"@id\":\"https:\/\/www.kress.com\/de-de\/#website\"},\"datePublished\":\"2024-03-26T08:17:14+00:00\",\"dateModified\":\"2025-10-17T10:00:22+00:00\",\"breadcrumb\":{\"@id\":\"https:\/\/www.kress.com\/es-es\/motosierra-kress-commercial-60-v-40-cm-kc310-9\/#breadcrumb\"},\"inLanguage\":\"es\",\"potentialAction\":[{\"@type\":\"ReadAction\",\"target\":[\"https:\/\/www.kress.com\/es-es\/motosierra-kress-commercial-60-v-40-cm-kc310-9\/\"]}]},{\"@type\":\"BreadcrumbList\",\"@id\":\"https:\/\/www.kress.com\/es-es\/motosierra-kress-commercial-60-v-40-cm-kc310-9\/#breadcrumb\",\"itemListElement\":[{\"@type\":\"ListItem\",\"position\":1,\"name\":\"Home\",\"item\":\"https:\/\/www.kress.com\/es-es\/\"},{\"@type\":\"ListItem\",\"position\":2,\"name\":\"Produits\",\"item\":\"https:\/\/www.kress.com\/fr-fr\/shop\/\"},{\"@type\":\"ListItem\",\"position\":3,\"name\":\"Motosierra Kress Commercial 60 V 40 cm\"}]},{\"@type\":\"WebSite\",\"@id\":\"https:\/\/www.kress.com\/de-de\/#website\",\"url\":\"https:\/\/www.kress.com\/de-de\/\",\"name\":\"Kress\",\"description\":\"\",\"publisher\":{\"@id\":\"https:\/\/www.kress.com\/de-de\/#organization\"},\"potentialAction\":[{\"@type\":\"SearchAction\",\"target\":{\"@type\":\"EntryPoint\",\"urlTemplate\":\"https:\/\/www.kress.com\/de-de\/?s={search_term_string}\"},\"query-input\":{\"@type\":\"PropertyValueSpecification\",\"valueRequired\":true,\"valueName\":\"search_term_string\"}}],\"inLanguage\":\"es\"},{\"@type\":\"Organization\",\"@id\":\"https:\/\/www.kress.com\/de-de\/#organization\",\"name\":\"Kress\",\"url\":\"https:\/\/www.kress.com\/de-de\/\",\"logo\":{\"@type\":\"ImageObject\",\"inLanguage\":\"es\",\"@id\":\"https:\/\/www.kress.com\/de-de\/#\/schema\/logo\/image\/\",\"url\":\"https:\/\/www.kress.com\/wp-content\/uploads\/2024\/02\/logo.png\",\"contentUrl\":\"https:\/\/www.kress.com\/wp-content\/uploads\/2024\/02\/logo.png\",\"width\":696,\"height\":696,\"caption\":\"Kress\"},\"image\":{\"@id\":\"https:\/\/www.kress.com\/de-de\/#\/schema\/logo\/image\/\"}}]}<\/script>\n<!-- \/ Yoast SEO Premium plugin. -->","yoast_head_json":{"title":"Motosierra comercial de 60 V | Kress","robots":{"index":"index","follow":"follow","max-snippet":"max-snippet:-1","max-image-preview":"max-image-preview:large","max-video-preview":"max-video-preview:-1"},"og_locale":"es_ES","og_type":"article","og_title":"Motosierra comercial de 60 V","og_description":"Dise\u00f1ada para empresas de jardiner\u00eda y municipios que buscan integrar pr\u00e1cticas sostenibles en sus operaciones, la motosierra Kress Commercial combina una impresionante velocidad de cadena de 24 m\/s con una robusta potencia de salida de 3,0 kW y un par sostenido, ofreciendo una eficiencia de corte que los paisajistas profesionales a\u00fan no han experimentado. Como [&hellip;]","og_url":"https:\/\/www.kress.com\/es-es\/motosierra-kress-commercial-60-v-40-cm-kc310-9\/","og_site_name":"Kress","article_modified_time":"2025-10-17T10:00:22+00:00","og_image":[{"width":1200,"height":675,"url":"https:\/\/www.kress.com\/wp-content\/uploads\/2024\/02\/logo_long.png","type":"image\/png"}],"twitter_card":"summary_large_image","schema":{"@context":"https:\/\/schema.org","@graph":[{"@type":"WebPage","@id":"https:\/\/www.kress.com\/es-es\/motosierra-kress-commercial-60-v-40-cm-kc310-9\/","url":"https:\/\/www.kress.com\/es-es\/motosierra-kress-commercial-60-v-40-cm-kc310-9\/","name":"Motosierra comercial de 60 V | Kress","isPartOf":{"@id":"https:\/\/www.kress.com\/de-de\/#website"},"datePublished":"2024-03-26T08:17:14+00:00","dateModified":"2025-10-17T10:00:22+00:00","breadcrumb":{"@id":"https:\/\/www.kress.com\/es-es\/motosierra-kress-commercial-60-v-40-cm-kc310-9\/#breadcrumb"},"inLanguage":"es","potentialAction":[{"@type":"ReadAction","target":["https:\/\/www.kress.com\/es-es\/motosierra-kress-commercial-60-v-40-cm-kc310-9\/"]}]},{"@type":"BreadcrumbList","@id":"https:\/\/www.kress.com\/es-es\/motosierra-kress-commercial-60-v-40-cm-kc310-9\/#breadcrumb","itemListElement":[{"@type":"ListItem","position":1,"name":"Home","item":"https:\/\/www.kress.com\/es-es\/"},{"@type":"ListItem","position":2,"name":"Produits","item":"https:\/\/www.kress.com\/fr-fr\/shop\/"},{"@type":"ListItem","position":3,"name":"Motosierra Kress Commercial 60 V 40 cm"}]},{"@type":"WebSite","@id":"https:\/\/www.kress.com\/de-de\/#website","url":"https:\/\/www.kress.com\/de-de\/","name":"Kress","description":"","publisher":{"@id":"https:\/\/www.kress.com\/de-de\/#organization"},"potentialAction":[{"@type":"SearchAction","target":{"@type":"EntryPoint","urlTemplate":"https:\/\/www.kress.com\/de-de\/?s={search_term_string}"},"query-input":{"@type":"PropertyValueSpecification","valueRequired":true,"valueName":"search_term_string"}}],"inLanguage":"es"},{"@type":"Organization","@id":"https:\/\/www.kress.com\/de-de\/#organization","name":"Kress","url":"https:\/\/www.kress.com\/de-de\/","logo":{"@type":"ImageObject","inLanguage":"es","@id":"https:\/\/www.kress.com\/de-de\/#\/schema\/logo\/image\/","url":"https:\/\/www.kress.com\/wp-content\/uploads\/2024\/02\/logo.png","contentUrl":"https:\/\/www.kress.com\/wp-content\/uploads\/2024\/02\/logo.png","width":696,"height":696,"caption":"Kress"},"image":{"@id":"https:\/\/www.kress.com\/de-de\/#\/schema\/logo\/image\/"}}]}},"_links":{"self":[{"href":"https:\/\/www.kress.com\/es-es\/wp-json\/wp\/v2\/product\/42852","targetHints":{"allow":["GET"]}}],"collection":[{"href":"https:\/\/www.kress.com\/es-es\/wp-json\/wp\/v2\/product"}],"about":[{"href":"https:\/\/www.kress.com\/es-es\/wp-json\/wp\/v2\/types\/product"}],"wp:attachment":[{"href":"https:\/\/www.kress.com\/es-es\/wp-json\/wp\/v2\/media?parent=42852"}],"wp:term":[{"taxonomy":"product_brand","embeddable":true,"href":"https:\/\/www.kress.com\/es-es\/wp-json\/wp\/v2\/product_brand?post=42852"},{"taxonomy":"product_cat","embeddable":true,"href":"https:\/\/www.kress.com\/es-es\/wp-json\/wp\/v2\/product_cat?post=42852"},{"taxonomy":"product_tag","embeddable":true,"href":"https:\/\/www.kress.com\/es-es\/wp-json\/wp\/v2\/product_tag?post=42852"}],"curies":[{"name":"wp","href":"https:\/\/api.w.org\/{rel}","templated":true}]}}

<p>Diseñada para empresas de jardinería y municipios que buscan integrar prácticas sostenibles en sus operaciones, la motosierra Kress Commercial combina una impresionante velocidad de cadena de 24 m/s con una robusta potencia de salida de 3,0 kW y un par sostenido, ofreciendo una eficiencia de corte que los paisajistas profesionales aún no han experimentado. Como parte del CyberSystem Comercial de Kress, la KC310 ofrece un rendimiento de gama alta con la ventaja de unos costes operativos más bajos en comparación con los sistemas de gasolina y otros sistemas de batería.</p>

<p>Diseñada para empresas de jardinería y municipios que buscan integrar prácticas sostenibles en sus operaciones, la motosierra Kress Commercial combina una impresionante velocidad de cadena de 24 m/s con una robusta potencia de salida de 3,0 kW y un par sostenido, ofreciendo una eficiencia de corte que los paisajistas profesionales aún no han experimentado. Como [&hellip;]</p>

<!-- This site is optimized with the Yoast SEO Premium plugin v26.5 (Yoast SEO v27.0) - https://yoast.com/product/yoast-seo-premium-wordpress/ -->
<title>Motosierra comercial de 60 V | Kress</title>
<meta name="robots" content="index, follow, max-snippet:-1, max-image-preview:large, max-video-preview:-1" />
<meta property="og:locale" content="es_ES" />
<meta property="og:type" content="article" />
<meta property="og:title" content="Motosierra comercial de 60 V" />
<meta property="og:description" content="Diseñada para empresas de jardinería y municipios que buscan integrar prácticas sostenibles en sus operaciones, la motosierra Kress Commercial combina una impresionante velocidad de cadena de 24 m/s con una robusta potencia de salida de 3,0 kW y un par sostenido, ofreciendo una eficiencia de corte que los paisajistas profesionales aún no han experimentado. Como [&hellip;]" />
<meta property="og:url" content="https://www.kress.com/es-es/motosierra-kress-commercial-60-v-40-cm-kc310-9/" />
<meta property="og:site_name" content="Kress" />
<meta property="article:modified_time" content="2025-10-17T10:00:22+00:00" />
<meta property="og:image" content="https://www.kress.com/wp-content/uploads/2024/02/logo_long.png" />
	<meta property="og:image:width" content="1200" />
	<meta property="og:image:height" content="675" />
	<meta property="og:image:type" content="image/png" />
<meta name="twitter:card" content="summary_large_image" />
<script type="application/ld+json" class="yoast-schema-graph">{"@context":"https://schema.org","@graph":[{"@type":"WebPage","@id":"https://www.kress.com/es-es/motosierra-kress-commercial-60-v-40-cm-kc310-9/","url":"https://www.kress.com/es-es/motosierra-kress-commercial-60-v-40-cm-kc310-9/","name":"Motosierra comercial de 60 V | Kress","isPartOf":{"@id":"https://www.kress.com/de-de/#website"},"datePublished":"2024-03-26T08:17:14+00:00","dateModified":"2025-10-17T10:00:22+00:00","breadcrumb":{"@id":"https://www.kress.com/es-es/motosierra-kress-commercial-60-v-40-cm-kc310-9/#breadcrumb"},"inLanguage":"es","potentialAction":[{"@type":"ReadAction","target":["https://www.kress.com/es-es/motosierra-kress-commercial-60-v-40-cm-kc310-9/"]}]},{"@type":"BreadcrumbList","@id":"https://www.kress.com/es-es/motosierra-kress-commercial-60-v-40-cm-kc310-9/#breadcrumb","itemListElement":[{"@type":"ListItem","position":1,"name":"Home","item":"https://www.kress.com/es-es/"},{"@type":"ListItem","position":2,"name":"Produits","item":"https://www.kress.com/fr-fr/shop/"},{"@type":"ListItem","position":3,"name":"Motosierra Kress Commercial 60 V 40 cm"}]},{"@type":"WebSite","@id":"https://www.kress.com/de-de/#website","url":"https://www.kress.com/de-de/","name":"Kress","description":"","publisher":{"@id":"https://www.kress.com/de-de/#organization"},"potentialAction":[{"@type":"SearchAction","target":{"@type":"EntryPoint","urlTemplate":"https://www.kress.com/de-de/?s={search_term_string}"},"query-input":{"@type":"PropertyValueSpecification","valueRequired":true,"valueName":"search_term_string"}}],"inLanguage":"es"},{"@type":"Organization","@id":"https://www.kress.com/de-de/#organization","name":"Kress","url":"https://www.kress.com/de-de/","logo":{"@type":"ImageObject","inLanguage":"es","@id":"https://www.kress.com/de-de/#/schema/logo/image/","url":"https://www.kress.com/wp-content/uploads/2024/02/logo.png","contentUrl":"https://www.kress.com/wp-content/uploads/2024/02/logo.png","width":696,"height":696,"caption":"Kress"},"image":{"@id":"https://www.kress.com/de-de/#/schema/logo/image/"}}]}</script>
<!-- / Yoast SEO Premium plugin. -->

Diseñada para empresas de jardinería y municipios que buscan integrar prácticas sostenibles en sus operaciones, la motosierra Kress Commercial combina una impresionante velocidad de cadena de 24 m/s con una robusta potencia de salida de 3,0 kW y un par sostenido, ofreciendo una eficiencia de corte que los paisajistas profesionales aún no han experimentado. Como [&hellip;]
