{"id":42824,"date":"2024-03-26T08:17:14","date_gmt":"2024-03-26T08:17:14","guid":{"rendered":""},"modified":"2025-10-17T10:00:22","modified_gmt":"2025-10-17T10:00:22","slug":"cortadora-de-setos-de-pertiga-60-v-linea-comercial-kc270-9","status":"publish","type":"product","link":"https:\/\/www.kress.com\/es-es\/cortadora-de-setos-de-pertiga-60-v-linea-comercial-kc270-9\/","title":{"rendered":"Cortasetos de p\u00e9rtiga de 60 V para uso comercial"},"content":{"rendered":"<p>Dise\u00f1ado para empresas de jardiner\u00eda y municipios que buscan integrar pr\u00e1cticas sostenibles en sus operaciones, el cortasetos de p\u00e9rtiga articulada de eje largo Kress Commercial ofrece la robusta potencia de un motor de 1 kW, a la altura de un cortasetos de gasolina tradicional de 25 cc. El cabezal articulado de 145\u00b0 y un eje de 246 cm proporcionan \u00e1ngulos de corte vers\u00e1tiles y un alcance superior para tareas de paisajismo complejas. Como parte del CyberSystem Comercial de Kress, ofrece un rendimiento de alta gama con la ventaja de unos costes de funcionamiento m\u00e1s bajos en comparaci\u00f3n con los sistemas de gasolina y otros sistemas de bater\u00eda.<\/p>\n","protected":false},"excerpt":{"rendered":"<p>Dise\u00f1ado para empresas de jardiner\u00eda y municipios que buscan integrar pr\u00e1cticas sostenibles en sus operaciones, el cortasetos de p\u00e9rtiga articulada de eje largo Kress Commercial ofrece la robusta potencia de un motor de 1 kW, a la altura de un cortasetos de gasolina tradicional de 25 cc. El cabezal articulado de 145\u00b0 y un eje [&hellip;]<\/p>\n","protected":false},"featured_media":410702,"template":"","meta":{"_acf_changed":false},"product_brand":[],"product_cat":[],"product_tag":[],"class_list":{"0":"post-42824","1":"product","2":"type-product","3":"status-publish","4":"has-post-thumbnail","7":"first","8":"instock","9":"shipping-taxable","10":"product-type-simple"},"acf":[],"yoast_head":"<!-- This site is optimized with the Yoast SEO Premium plugin v26.5 (Yoast SEO v27.0) - https:\/\/yoast.com\/product\/yoast-seo-premium-wordpress\/ -->\n<title>Cortasetos de p\u00e9rtiga de 60 V para uso comercial | Kress<\/title>\n<meta name=\"robots\" content=\"index, follow, max-snippet:-1, max-image-preview:large, max-video-preview:-1\" \/>\n<meta property=\"og:locale\" content=\"es_ES\" \/>\n<meta property=\"og:type\" content=\"article\" \/>\n<meta property=\"og:title\" content=\"Cortasetos de p\u00e9rtiga de 60 V para uso comercial\" \/>\n<meta property=\"og:description\" content=\"Dise\u00f1ado para empresas de jardiner\u00eda y municipios que buscan integrar pr\u00e1cticas sostenibles en sus operaciones, el cortasetos de p\u00e9rtiga articulada de eje largo Kress Commercial ofrece la robusta potencia de un motor de 1 kW, a la altura de un cortasetos de gasolina tradicional de 25 cc. El cabezal articulado de 145\u00b0 y un eje [&hellip;]\" \/>\n<meta property=\"og:url\" content=\"https:\/\/www.kress.com\/es-es\/cortadora-de-setos-de-pertiga-60-v-linea-comercial-kc270-9\/\" \/>\n<meta property=\"og:site_name\" content=\"Kress\" \/>\n<meta property=\"article:modified_time\" content=\"2025-10-17T10:00:22+00:00\" \/>\n<meta property=\"og:image\" content=\"https:\/\/www.kress.com\/wp-content\/uploads\/onpage\/op_image_532d6b0f006f5374f0bc2c2f49bd50e42fedad90.1980x.webp\" \/>\n\t<meta property=\"og:image:width\" content=\"1980\" \/>\n\t<meta property=\"og:image:height\" content=\"1980\" \/>\n\t<meta property=\"og:image:type\" content=\"image\/webp\" \/>\n<meta name=\"twitter:card\" content=\"summary_large_image\" \/>\n<meta name=\"twitter:label1\" content=\"Tiempo de lectura\" \/>\n\t<meta name=\"twitter:data1\" content=\"1 minuto\" \/>\n<script type=\"application\/ld+json\" class=\"yoast-schema-graph\">{\"@context\":\"https:\/\/schema.org\",\"@graph\":[{\"@type\":\"WebPage\",\"@id\":\"https:\/\/www.kress.com\/es-es\/cortadora-de-setos-de-pertiga-60-v-linea-comercial-kc270-9\/\",\"url\":\"https:\/\/www.kress.com\/es-es\/cortadora-de-setos-de-pertiga-60-v-linea-comercial-kc270-9\/\",\"name\":\"Cortasetos de p\u00e9rtiga de 60 V para uso comercial | Kress\",\"isPartOf\":{\"@id\":\"https:\/\/www.kress.com\/de-de\/#website\"},\"primaryImageOfPage\":{\"@id\":\"https:\/\/www.kress.com\/es-es\/cortadora-de-setos-de-pertiga-60-v-linea-comercial-kc270-9\/#primaryimage\"},\"image\":{\"@id\":\"https:\/\/www.kress.com\/es-es\/cortadora-de-setos-de-pertiga-60-v-linea-comercial-kc270-9\/#primaryimage\"},\"thumbnailUrl\":\"https:\/\/www.kress.com\/wp-content\/uploads\/onpage\/op_image_532d6b0f006f5374f0bc2c2f49bd50e42fedad90.1980x.webp\",\"datePublished\":\"2024-03-26T08:17:14+00:00\",\"dateModified\":\"2025-10-17T10:00:22+00:00\",\"breadcrumb\":{\"@id\":\"https:\/\/www.kress.com\/es-es\/cortadora-de-setos-de-pertiga-60-v-linea-comercial-kc270-9\/#breadcrumb\"},\"inLanguage\":\"es\",\"potentialAction\":[{\"@type\":\"ReadAction\",\"target\":[\"https:\/\/www.kress.com\/es-es\/cortadora-de-setos-de-pertiga-60-v-linea-comercial-kc270-9\/\"]}]},{\"@type\":\"ImageObject\",\"inLanguage\":\"es\",\"@id\":\"https:\/\/www.kress.com\/es-es\/cortadora-de-setos-de-pertiga-60-v-linea-comercial-kc270-9\/#primaryimage\",\"url\":\"https:\/\/www.kress.com\/wp-content\/uploads\/onpage\/op_image_532d6b0f006f5374f0bc2c2f49bd50e42fedad90.1980x.webp\",\"contentUrl\":\"https:\/\/www.kress.com\/wp-content\/uploads\/onpage\/op_image_532d6b0f006f5374f0bc2c2f49bd50e42fedad90.1980x.webp\",\"width\":1980,\"height\":1980},{\"@type\":\"BreadcrumbList\",\"@id\":\"https:\/\/www.kress.com\/es-es\/cortadora-de-setos-de-pertiga-60-v-linea-comercial-kc270-9\/#breadcrumb\",\"itemListElement\":[{\"@type\":\"ListItem\",\"position\":1,\"name\":\"Home\",\"item\":\"https:\/\/www.kress.com\/es-es\/\"},{\"@type\":\"ListItem\",\"position\":2,\"name\":\"Produits\",\"item\":\"https:\/\/www.kress.com\/fr-fr\/shop\/\"},{\"@type\":\"ListItem\",\"position\":3,\"name\":\"Cortadora de setos de p\u00e9rtiga, 60 V, l\u00ednea comercial\"}]},{\"@type\":\"WebSite\",\"@id\":\"https:\/\/www.kress.com\/de-de\/#website\",\"url\":\"https:\/\/www.kress.com\/de-de\/\",\"name\":\"Kress\",\"description\":\"\",\"publisher\":{\"@id\":\"https:\/\/www.kress.com\/de-de\/#organization\"},\"potentialAction\":[{\"@type\":\"SearchAction\",\"target\":{\"@type\":\"EntryPoint\",\"urlTemplate\":\"https:\/\/www.kress.com\/de-de\/?s={search_term_string}\"},\"query-input\":{\"@type\":\"PropertyValueSpecification\",\"valueRequired\":true,\"valueName\":\"search_term_string\"}}],\"inLanguage\":\"es\"},{\"@type\":\"Organization\",\"@id\":\"https:\/\/www.kress.com\/de-de\/#organization\",\"name\":\"Kress\",\"url\":\"https:\/\/www.kress.com\/de-de\/\",\"logo\":{\"@type\":\"ImageObject\",\"inLanguage\":\"es\",\"@id\":\"https:\/\/www.kress.com\/de-de\/#\/schema\/logo\/image\/\",\"url\":\"https:\/\/www.kress.com\/wp-content\/uploads\/2024\/02\/logo.png\",\"contentUrl\":\"https:\/\/www.kress.com\/wp-content\/uploads\/2024\/02\/logo.png\",\"width\":696,\"height\":696,\"caption\":\"Kress\"},\"image\":{\"@id\":\"https:\/\/www.kress.com\/de-de\/#\/schema\/logo\/image\/\"}}]}<\/script>\n<!-- \/ Yoast SEO Premium plugin. -->","yoast_head_json":{"title":"Cortasetos de p\u00e9rtiga de 60 V para uso comercial | Kress","robots":{"index":"index","follow":"follow","max-snippet":"max-snippet:-1","max-image-preview":"max-image-preview:large","max-video-preview":"max-video-preview:-1"},"og_locale":"es_ES","og_type":"article","og_title":"Cortasetos de p\u00e9rtiga de 60 V para uso comercial","og_description":"Dise\u00f1ado para empresas de jardiner\u00eda y municipios que buscan integrar pr\u00e1cticas sostenibles en sus operaciones, el cortasetos de p\u00e9rtiga articulada de eje largo Kress Commercial ofrece la robusta potencia de un motor de 1 kW, a la altura de un cortasetos de gasolina tradicional de 25 cc. El cabezal articulado de 145\u00b0 y un eje [&hellip;]","og_url":"https:\/\/www.kress.com\/es-es\/cortadora-de-setos-de-pertiga-60-v-linea-comercial-kc270-9\/","og_site_name":"Kress","article_modified_time":"2025-10-17T10:00:22+00:00","og_image":[{"width":1980,"height":1980,"url":"https:\/\/www.kress.com\/wp-content\/uploads\/onpage\/op_image_532d6b0f006f5374f0bc2c2f49bd50e42fedad90.1980x.webp","type":"image\/webp"}],"twitter_card":"summary_large_image","twitter_misc":{"Tiempo de lectura":"1 minuto"},"schema":{"@context":"https:\/\/schema.org","@graph":[{"@type":"WebPage","@id":"https:\/\/www.kress.com\/es-es\/cortadora-de-setos-de-pertiga-60-v-linea-comercial-kc270-9\/","url":"https:\/\/www.kress.com\/es-es\/cortadora-de-setos-de-pertiga-60-v-linea-comercial-kc270-9\/","name":"Cortasetos de p\u00e9rtiga de 60 V para uso comercial | Kress","isPartOf":{"@id":"https:\/\/www.kress.com\/de-de\/#website"},"primaryImageOfPage":{"@id":"https:\/\/www.kress.com\/es-es\/cortadora-de-setos-de-pertiga-60-v-linea-comercial-kc270-9\/#primaryimage"},"image":{"@id":"https:\/\/www.kress.com\/es-es\/cortadora-de-setos-de-pertiga-60-v-linea-comercial-kc270-9\/#primaryimage"},"thumbnailUrl":"https:\/\/www.kress.com\/wp-content\/uploads\/onpage\/op_image_532d6b0f006f5374f0bc2c2f49bd50e42fedad90.1980x.webp","datePublished":"2024-03-26T08:17:14+00:00","dateModified":"2025-10-17T10:00:22+00:00","breadcrumb":{"@id":"https:\/\/www.kress.com\/es-es\/cortadora-de-setos-de-pertiga-60-v-linea-comercial-kc270-9\/#breadcrumb"},"inLanguage":"es","potentialAction":[{"@type":"ReadAction","target":["https:\/\/www.kress.com\/es-es\/cortadora-de-setos-de-pertiga-60-v-linea-comercial-kc270-9\/"]}]},{"@type":"ImageObject","inLanguage":"es","@id":"https:\/\/www.kress.com\/es-es\/cortadora-de-setos-de-pertiga-60-v-linea-comercial-kc270-9\/#primaryimage","url":"https:\/\/www.kress.com\/wp-content\/uploads\/onpage\/op_image_532d6b0f006f5374f0bc2c2f49bd50e42fedad90.1980x.webp","contentUrl":"https:\/\/www.kress.com\/wp-content\/uploads\/onpage\/op_image_532d6b0f006f5374f0bc2c2f49bd50e42fedad90.1980x.webp","width":1980,"height":1980},{"@type":"BreadcrumbList","@id":"https:\/\/www.kress.com\/es-es\/cortadora-de-setos-de-pertiga-60-v-linea-comercial-kc270-9\/#breadcrumb","itemListElement":[{"@type":"ListItem","position":1,"name":"Home","item":"https:\/\/www.kress.com\/es-es\/"},{"@type":"ListItem","position":2,"name":"Produits","item":"https:\/\/www.kress.com\/fr-fr\/shop\/"},{"@type":"ListItem","position":3,"name":"Cortadora de setos de p\u00e9rtiga, 60 V, l\u00ednea comercial"}]},{"@type":"WebSite","@id":"https:\/\/www.kress.com\/de-de\/#website","url":"https:\/\/www.kress.com\/de-de\/","name":"Kress","description":"","publisher":{"@id":"https:\/\/www.kress.com\/de-de\/#organization"},"potentialAction":[{"@type":"SearchAction","target":{"@type":"EntryPoint","urlTemplate":"https:\/\/www.kress.com\/de-de\/?s={search_term_string}"},"query-input":{"@type":"PropertyValueSpecification","valueRequired":true,"valueName":"search_term_string"}}],"inLanguage":"es"},{"@type":"Organization","@id":"https:\/\/www.kress.com\/de-de\/#organization","name":"Kress","url":"https:\/\/www.kress.com\/de-de\/","logo":{"@type":"ImageObject","inLanguage":"es","@id":"https:\/\/www.kress.com\/de-de\/#\/schema\/logo\/image\/","url":"https:\/\/www.kress.com\/wp-content\/uploads\/2024\/02\/logo.png","contentUrl":"https:\/\/www.kress.com\/wp-content\/uploads\/2024\/02\/logo.png","width":696,"height":696,"caption":"Kress"},"image":{"@id":"https:\/\/www.kress.com\/de-de\/#\/schema\/logo\/image\/"}}]}},"_links":{"self":[{"href":"https:\/\/www.kress.com\/es-es\/wp-json\/wp\/v2\/product\/42824","targetHints":{"allow":["GET"]}}],"collection":[{"href":"https:\/\/www.kress.com\/es-es\/wp-json\/wp\/v2\/product"}],"about":[{"href":"https:\/\/www.kress.com\/es-es\/wp-json\/wp\/v2\/types\/product"}],"wp:featuredmedia":[{"embeddable":true,"href":"https:\/\/www.kress.com\/es-es\/wp-json\/wp\/v2\/media\/410702"}],"wp:attachment":[{"href":"https:\/\/www.kress.com\/es-es\/wp-json\/wp\/v2\/media?parent=42824"}],"wp:term":[{"taxonomy":"product_brand","embeddable":true,"href":"https:\/\/www.kress.com\/es-es\/wp-json\/wp\/v2\/product_brand?post=42824"},{"taxonomy":"product_cat","embeddable":true,"href":"https:\/\/www.kress.com\/es-es\/wp-json\/wp\/v2\/product_cat?post=42824"},{"taxonomy":"product_tag","embeddable":true,"href":"https:\/\/www.kress.com\/es-es\/wp-json\/wp\/v2\/product_tag?post=42824"}],"curies":[{"name":"wp","href":"https:\/\/api.w.org\/{rel}","templated":true}]}}

Cortasetos de pértiga de 60 V para uso comercial

<p>Diseñado para empresas de jardinería y municipios que buscan integrar prácticas sostenibles en sus operaciones, el cortasetos de pértiga articulada de eje largo Kress Commercial ofrece la robusta potencia de un motor de 1 kW, a la altura de un cortasetos de gasolina tradicional de 25 cc. El cabezal articulado de 145° y un eje de 246 cm proporcionan ángulos de corte versátiles y un alcance superior para tareas de paisajismo complejas. Como parte del CyberSystem Comercial de Kress, ofrece un rendimiento de alta gama con la ventaja de unos costes de funcionamiento más bajos en comparación con los sistemas de gasolina y otros sistemas de batería.</p>

<p>Diseñado para empresas de jardinería y municipios que buscan integrar prácticas sostenibles en sus operaciones, el cortasetos de pértiga articulada de eje largo Kress Commercial ofrece la robusta potencia de un motor de 1 kW, a la altura de un cortasetos de gasolina tradicional de 25 cc. El cabezal articulado de 145° y un eje [&hellip;]</p>

<!-- This site is optimized with the Yoast SEO Premium plugin v26.5 (Yoast SEO v27.0) - https://yoast.com/product/yoast-seo-premium-wordpress/ -->
<title>Cortasetos de pértiga de 60 V para uso comercial | Kress</title>
<meta name="robots" content="index, follow, max-snippet:-1, max-image-preview:large, max-video-preview:-1" />
<meta property="og:locale" content="es_ES" />
<meta property="og:type" content="article" />
<meta property="og:title" content="Cortasetos de pértiga de 60 V para uso comercial" />
<meta property="og:description" content="Diseñado para empresas de jardinería y municipios que buscan integrar prácticas sostenibles en sus operaciones, el cortasetos de pértiga articulada de eje largo Kress Commercial ofrece la robusta potencia de un motor de 1 kW, a la altura de un cortasetos de gasolina tradicional de 25 cc. El cabezal articulado de 145° y un eje [&hellip;]" />
<meta property="og:url" content="https://www.kress.com/es-es/cortadora-de-setos-de-pertiga-60-v-linea-comercial-kc270-9/" />
<meta property="og:site_name" content="Kress" />
<meta property="article:modified_time" content="2025-10-17T10:00:22+00:00" />
<meta property="og:image" content="https://www.kress.com/wp-content/uploads/onpage/op_image_532d6b0f006f5374f0bc2c2f49bd50e42fedad90.1980x.webp" />
	<meta property="og:image:width" content="1980" />
	<meta property="og:image:height" content="1980" />
	<meta property="og:image:type" content="image/webp" />
<meta name="twitter:card" content="summary_large_image" />
<meta name="twitter:label1" content="Tiempo de lectura" />
	<meta name="twitter:data1" content="1 minuto" />
<script type="application/ld+json" class="yoast-schema-graph">{"@context":"https://schema.org","@graph":[{"@type":"WebPage","@id":"https://www.kress.com/es-es/cortadora-de-setos-de-pertiga-60-v-linea-comercial-kc270-9/","url":"https://www.kress.com/es-es/cortadora-de-setos-de-pertiga-60-v-linea-comercial-kc270-9/","name":"Cortasetos de pértiga de 60 V para uso comercial | Kress","isPartOf":{"@id":"https://www.kress.com/de-de/#website"},"primaryImageOfPage":{"@id":"https://www.kress.com/es-es/cortadora-de-setos-de-pertiga-60-v-linea-comercial-kc270-9/#primaryimage"},"image":{"@id":"https://www.kress.com/es-es/cortadora-de-setos-de-pertiga-60-v-linea-comercial-kc270-9/#primaryimage"},"thumbnailUrl":"https://www.kress.com/wp-content/uploads/onpage/op_image_532d6b0f006f5374f0bc2c2f49bd50e42fedad90.1980x.webp","datePublished":"2024-03-26T08:17:14+00:00","dateModified":"2025-10-17T10:00:22+00:00","breadcrumb":{"@id":"https://www.kress.com/es-es/cortadora-de-setos-de-pertiga-60-v-linea-comercial-kc270-9/#breadcrumb"},"inLanguage":"es","potentialAction":[{"@type":"ReadAction","target":["https://www.kress.com/es-es/cortadora-de-setos-de-pertiga-60-v-linea-comercial-kc270-9/"]}]},{"@type":"ImageObject","inLanguage":"es","@id":"https://www.kress.com/es-es/cortadora-de-setos-de-pertiga-60-v-linea-comercial-kc270-9/#primaryimage","url":"https://www.kress.com/wp-content/uploads/onpage/op_image_532d6b0f006f5374f0bc2c2f49bd50e42fedad90.1980x.webp","contentUrl":"https://www.kress.com/wp-content/uploads/onpage/op_image_532d6b0f006f5374f0bc2c2f49bd50e42fedad90.1980x.webp","width":1980,"height":1980},{"@type":"BreadcrumbList","@id":"https://www.kress.com/es-es/cortadora-de-setos-de-pertiga-60-v-linea-comercial-kc270-9/#breadcrumb","itemListElement":[{"@type":"ListItem","position":1,"name":"Home","item":"https://www.kress.com/es-es/"},{"@type":"ListItem","position":2,"name":"Produits","item":"https://www.kress.com/fr-fr/shop/"},{"@type":"ListItem","position":3,"name":"Cortadora de setos de pértiga, 60 V, línea comercial"}]},{"@type":"WebSite","@id":"https://www.kress.com/de-de/#website","url":"https://www.kress.com/de-de/","name":"Kress","description":"","publisher":{"@id":"https://www.kress.com/de-de/#organization"},"potentialAction":[{"@type":"SearchAction","target":{"@type":"EntryPoint","urlTemplate":"https://www.kress.com/de-de/?s={search_term_string}"},"query-input":{"@type":"PropertyValueSpecification","valueRequired":true,"valueName":"search_term_string"}}],"inLanguage":"es"},{"@type":"Organization","@id":"https://www.kress.com/de-de/#organization","name":"Kress","url":"https://www.kress.com/de-de/","logo":{"@type":"ImageObject","inLanguage":"es","@id":"https://www.kress.com/de-de/#/schema/logo/image/","url":"https://www.kress.com/wp-content/uploads/2024/02/logo.png","contentUrl":"https://www.kress.com/wp-content/uploads/2024/02/logo.png","width":696,"height":696,"caption":"Kress"},"image":{"@id":"https://www.kress.com/de-de/#/schema/logo/image/"}}]}</script>
<!-- / Yoast SEO Premium plugin. -->

Cortasetos de pértiga de 60 V para uso comercial | Kress

Diseñado para empresas de jardinería y municipios que buscan integrar prácticas sostenibles en sus operaciones, el cortasetos de pértiga articulada de eje largo Kress Commercial ofrece la robusta potencia de un motor de 1 kW, a la altura de un cortasetos de gasolina tradicional de 25 cc. El cabezal articulado de 145° y un eje [&hellip;]

Cortadora de setos de pértiga, 60 V, línea comercial
